{"id":170,"date":"2021-01-03T19:07:46","date_gmt":"2021-01-03T19:07:46","guid":{"rendered":"http:\/\/aaalda.com\/?page_id=170"},"modified":"2021-01-03T19:07:46","modified_gmt":"2021-01-03T19:07:46","slug":"avaliacao-dos-sistemas-avac","status":"publish","type":"page","link":"https:\/\/aaalda.com\/?page_id=170","title":{"rendered":"Avalia\u00e7\u00e3o dos Sistemas AVAC"},"content":{"rendered":"<p>[et_pb_section fb_built=&#8221;1&#8243; fullwidth=&#8221;on&#8221; admin_label=&#8221;Hero Section&#8221; _builder_version=&#8221;4.7.7&#8243; background_color=&#8221;rgba(0,0,0,0)&#8221; parallax=&#8221;on&#8221;][et_pb_fullwidth_header title=&#8221;avalia\u00e7\u00e3o dos sistemas avac&#8221; text_orientation=&#8221;right&#8221; background_overlay_color=&#8221;rgba(0,0,0,0)&#8221; content_max_width=&#8221;550px&#8221; admin_label=&#8221;Fullwidth Header&#8221; _builder_version=&#8221;4.7.7&#8243; title_font=&#8221;Poppins|700||on|||||&#8221; title_text_color=&#8221;#0c71c3&#8243; title_font_size=&#8221;29px&#8221; title_letter_spacing=&#8221;2px&#8221; title_line_height=&#8221;2em&#8221; subhead_font=&#8221;Playfair Display|700||on|||||&#8221; subhead_font_size=&#8221;26px&#8221; subhead_line_height=&#8221;1.4em&#8221; background_color=&#8221;rgba(0,0,0,0)&#8221; background_image=&#8221;http:\/\/aaalda.com\/wp-content\/uploads\/2021\/01\/Design-sem-nome-300&#215;251.png&#8221; custom_button_one=&#8221;on&#8221; button_one_border_width=&#8221;1px&#8221; button_one_border_color=&#8221;rgba(255,255,255,0.3)&#8221; button_one_border_radius=&#8221;0px&#8221; button_one_letter_spacing=&#8221;1px&#8221; button_one_font=&#8221;Saira Extra Condensed|600||on|||||&#8221; button_one_icon=&#8221;%%3%%&#8221; button_one_icon_color=&#8221;#edbb5f&#8221; custom_button_two=&#8221;on&#8221; button_two_border_width=&#8221;1px&#8221; button_two_border_color=&#8221;rgba(255,255,255,0.3)&#8221; button_two_border_radius=&#8221;0px&#8221; button_two_letter_spacing=&#8221;1px&#8221; button_two_font=&#8221;Saira Extra Condensed|600||on|||||&#8221; button_two_icon=&#8221;%%3%%&#8221; button_two_icon_color=&#8221;#edbb5f&#8221; module_alignment=&#8221;right&#8221; min_height=&#8221;458px&#8221; height=&#8221;477px&#8221; custom_margin=&#8221;|||&#8221; custom_padding=&#8221;8%||260px|&#8221; title_text_shadow_style=&#8221;preset4&#8243; title_text_shadow_horizontal_length=&#8221;0.03em&#8221; title_text_shadow_color=&#8221;#000000&#8243; border_color_all_image=&#8221;rgba(0,0,0,0)&#8221; button_one_text_color_hover=&#8221;#edbb5f&#8221; button_two_text_color_hover=&#8221;#edbb5f&#8221; button_one_bg_color_hover=&#8221;rgba(0,0,0,0)&#8221; button_two_bg_color_hover=&#8221;rgba(0,0,0,0)&#8221; button_one_text_size__hover_enabled=&#8221;off&#8221; button_two_text_size__hover_enabled=&#8221;off&#8221; button_one_text_color__hover_enabled=&#8221;on&#8221; button_one_text_color__hover=&#8221;#edbb5f&#8221; button_two_text_color__hover_enabled=&#8221;on&#8221; button_two_text_color__hover=&#8221;#edbb5f&#8221; button_one_border_width__hover_enabled=&#8221;off&#8221; button_two_border_width__hover_enabled=&#8221;off&#8221; button_one_border_color__hover_enabled=&#8221;off&#8221; button_two_border_color__hover_enabled=&#8221;off&#8221; button_one_border_radius__hover_enabled=&#8221;off&#8221; button_two_border_radius__hover_enabled=&#8221;off&#8221; button_one_letter_spacing__hover_enabled=&#8221;off&#8221; button_two_letter_spacing__hover_enabled=&#8221;off&#8221; button_one_bg_color__hover_enabled=&#8221;on&#8221; button_one_bg_color__hover=&#8221;rgba(0,0,0,0)&#8221; button_two_bg_color__hover_enabled=&#8221;on&#8221; button_two_bg_color__hover=&#8221;rgba(0,0,0,0)&#8221;][\/et_pb_fullwidth_header][\/et_pb_section][et_pb_section fb_built=&#8221;1&#8243; admin_label=&#8221;Feature &#8211; Image Left&#8221; _builder_version=&#8221;3.22&#8243; min_height=&#8221;712px&#8221; custom_margin=&#8221;||-101px|||&#8221; custom_padding=&#8221;100px|0px|100px|0px&#8221;][et_pb_row column_structure=&#8221;1_3,2_3&#8243; use_custom_gutter=&#8221;on&#8221; gutter_width=&#8221;4&#8243; _builder_version=&#8221;3.25&#8243; animation_style=&#8221;fade&#8221;][et_pb_column type=&#8221;1_3&#8243; _builder_version=&#8221;3.25&#8243; custom_padding=&#8221;|||&#8221; custom_padding__hover=&#8221;|||&#8221;][et_pb_image src=&#8221;http:\/\/aaalda.com\/wp-content\/uploads\/2021\/01\/Avaliac\u0327a\u0303o-AVAC-300&#215;225.jpg&#8221; title_text=&#8221;Avaliac\u0327a\u0303o AVAC&#8221; align_tablet=&#8221;center&#8221; align_phone=&#8221;&#8221; align_last_edited=&#8221;on|desktop&#8221; _builder_version=&#8221;4.7.7&#8243; animation_style=&#8221;fade&#8221;][\/et_pb_image][\/et_pb_column][et_pb_column type=&#8221;2_3&#8243; _builder_version=&#8221;3.25&#8243; custom_padding=&#8221;5%|||&#8221; custom_padding__hover=&#8221;|||&#8221;][et_pb_text _builder_version=&#8221;4.7.7&#8243; text_font=&#8221;||||||||&#8221; text_text_color=&#8221;#000000&#8243; text_font_size=&#8221;17px&#8221; text_letter_spacing=&#8221;9px&#8221; header_font=&#8221;||||||||&#8221; header_text_color=&#8221;#000000&#8243; header_2_font=&#8221;Playfair Display|700|||||||&#8221; header_2_font_size=&#8221;38px&#8221; header_2_letter_spacing=&#8221;1px&#8221; header_2_line_height=&#8221;1.4em&#8221; header_3_font=&#8221;Poppins|700||on|||||&#8221; header_3_text_color=&#8221;#0c71c3&#8243; header_3_font_size=&#8221;14px&#8221; header_3_letter_spacing=&#8221;1px&#8221; header_3_line_height=&#8221;2em&#8221; width=&#8221;100%&#8221; custom_margin=&#8221;-50px|||||&#8221;]<\/p>\n<h3><\/h3>\n<h2>Avalia\u00e7\u00e3o dos Sistemas AVAC<\/h2>\n<p>[\/et_pb_text][et_pb_divider color=&#8221;#0c71c3&#8243; divider_weight=&#8221;2px&#8221; _builder_version=&#8221;4.7.7&#8243; max_width=&#8221;60px&#8221; module_alignment=&#8221;left&#8221; height=&#8221;2px&#8221;][\/et_pb_divider][et_pb_text _builder_version=&#8221;4.7.7&#8243; text_font=&#8221;Poppins||||||||&#8221; text_text_color=&#8221;#000000&#8243; text_font_size=&#8221;16px&#8221; text_letter_spacing=&#8221;1px&#8221; text_line_height=&#8221;2em&#8221; header_text_color=&#8221;#000000&#8243; header_font_size=&#8221;34px&#8221; max_width=&#8221;550px&#8221; custom_margin=&#8221;|-239px||||&#8221;]<\/p>\n<p style=\"text-align: justify;\">A <strong>Avalia\u00e7\u00e3o dos Sistemas AVAC<\/strong> (Aquecimento, Ventila\u00e7\u00e3o e Ar Condicionado) tem como finalidade o diagn\u00f3stico de situa\u00e7\u00f5es potenciadoras de uma redu\u00e7\u00e3o da qualidade do ar interior, quer devido \u00e0s caracter\u00edsticas do projeto, quer por defici\u00eancias de manuten\u00e7\u00e3o e opera\u00e7\u00e3o, quer ainda por altera\u00e7\u00e3o do uso dos espa\u00e7os interiores.<\/p>\n<p style=\"text-align: justify;\">Esta avalia\u00e7\u00e3o contribui para\u00a0devolver\u00a0ao publico utilizador a confian\u00e7a nos ambientes interiores tratados com sistemas de climatiza\u00e7\u00e3o.<\/p>\n<p style=\"text-align: justify;\">A avalia\u00e7\u00e3o das condi\u00e7\u00f5es estruturais e higi\u00e9nicas dos sistemas AVAC inclui:<\/p>\n<p style=\"text-align: justify;\">&#8211; Levantamento das condi\u00e7\u00f5es estruturais e higi\u00e9nicas do sistema<\/p>\n<p style=\"text-align: justify;\">&#8211; Avalia\u00e7\u00e3o do tipo, instala\u00e7\u00e3o e condi\u00e7\u00e3o dos filtros das Unidades de Tratamento de Ar<\/p>\n<p style=\"text-align: justify;\">&#8211; Avalia\u00e7\u00e3o da carga de sujidade e presen\u00e7a de \u00f3xidos nas Unidades de Tratamento de Ar;<\/p>\n<p style=\"text-align: justify;\">&#8211; Medi\u00e7\u00e3o dos Caudais de Insufla\u00e7\u00e3o e Extra\u00e7\u00e3o nas grelhas<\/p>\n<p style=\"text-align: justify;\">&#8211; Determina\u00e7\u00e3o de par\u00e2metros f\u00edsico-qu\u00edmicos nas \u00e1guas do sistema<\/p>\n<p style=\"text-align: justify;\">&#8211; Estudo da presen\u00e7a de esp\u00e9cies de <em>Legionella <\/em><\/p>\n<p style=\"text-align: justify;\">Nos sistemas de \u00e1gua quente sanit\u00e1ria realiza-se igualmente o estudo da presen\u00e7a de esp\u00e9cies de <em>Legionella<\/em>. Este estudo \u00e9 efetuado em Laborat\u00f3rio externo acreditado.<\/p>\n<p>&nbsp;<\/p>\n<p>[\/et_pb_text][\/et_pb_column][\/et_pb_row][\/et_pb_section][et_pb_section fb_built=&#8221;1&#8243; admin_label=&#8221;Feature &#8211; Image Right&#8221; _builder_version=&#8221;3.22&#8243; min_height=&#8221;148px&#8221; custom_margin=&#8221;-35px||-61px|||&#8221; custom_padding=&#8221;0px|0px|81px|0px||&#8221;][\/et_pb_section][et_pb_section fb_built=&#8221;1&#8243; admin_label=&#8221;What We Do&#8221; _builder_version=&#8221;4.7.7&#8243; background_color=&#8221;#ffffff&#8221; min_height=&#8221;597px&#8221; custom_margin=&#8221;|||&#8221; custom_padding=&#8221;0px|0px|100px|0px&#8221;][et_pb_row column_structure=&#8221;1_2,1_2&#8243; use_custom_gutter=&#8221;on&#8221; gutter_width=&#8221;0&#8243; _builder_version=&#8221;3.25&#8243; min_height=&#8221;476px&#8221; custom_padding=&#8221;0px|0px|0px|0px&#8221;][et_pb_column type=&#8221;1_2&#8243; _builder_version=&#8221;3.25&#8243; custom_padding=&#8221;|||&#8221; custom_padding__hover=&#8221;|||&#8221;][et_pb_cta title=&#8221;Os nosso servi\u00e7os&#8221; button_url=&#8221;#&#8221; _builder_version=&#8221;4.7.7&#8243; header_font=&#8221;Poppins|700||on|||||&#8221; header_text_color=&#8221;#0c71c3&#8243; header_font_size=&#8221;14px&#8221; header_letter_spacing=&#8221;2px&#8221; header_line_height=&#8221;2em&#8221; body_font=&#8221;Playfair Display|700|||||||&#8221; body_font_size=&#8221;38px&#8221; body_line_height=&#8221;1.4em&#8221; background_color=&#8221;#0c71c3&#8243; custom_button=&#8221;on&#8221; button_text_color=&#8221;#0c71c3&#8243; button_bg_color=&#8221;#ffffff&#8221; button_border_width=&#8221;0px&#8221; button_border_radius=&#8221;0px&#8221; button_letter_spacing=&#8221;1px&#8221; button_font=&#8221;Saira Extra Condensed|600||on|||||&#8221; button_icon=&#8221;%%3%%&#8221; custom_margin=&#8221;-100px|||&#8221; custom_padding=&#8221;60px||60px|&#8221; animation_style=&#8221;slide&#8221; animation_direction=&#8221;bottom&#8221; animation_intensity_slide=&#8221;10%&#8221; animation_starting_opacity=&#8221;100%&#8221; box_shadow_style=&#8221;preset3&#8243; box_shadow_vertical=&#8221;15px&#8221; box_shadow_blur=&#8221;80px&#8221; box_shadow_color=&#8221;rgba(0,0,0,0.15)&#8221; button_border_radius_hover=&#8221;1px&#8221; locked=&#8221;off&#8221; inline_fonts=&#8221;Alice&#8221; button_text_size__hover_enabled=&#8221;off&#8221; button_one_text_size__hover_enabled=&#8221;off&#8221; button_two_text_size__hover_enabled=&#8221;off&#8221; button_text_color__hover_enabled=&#8221;off&#8221; button_one_text_color__hover_enabled=&#8221;off&#8221; button_two_text_color__hover_enabled=&#8221;off&#8221; button_border_width__hover_enabled=&#8221;off&#8221; button_one_border_width__hover_enabled=&#8221;off&#8221; button_two_border_width__hover_enabled=&#8221;off&#8221; button_border_color__hover_enabled=&#8221;off&#8221; button_one_border_color__hover_enabled=&#8221;off&#8221; button_two_border_color__hover_enabled=&#8221;off&#8221; button_border_radius__hover_enabled=&#8221;on&#8221; button_border_radius__hover=&#8221;1px&#8221; button_one_border_radius__hover_enabled=&#8221;off&#8221; button_two_border_radius__hover_enabled=&#8221;off&#8221; button_letter_spacing__hover_enabled=&#8221;off&#8221; button_one_letter_spacing__hover_enabled=&#8221;off&#8221; button_two_letter_spacing__hover_enabled=&#8221;off&#8221; button_bg_color__hover_enabled=&#8221;off&#8221; button_one_bg_color__hover_enabled=&#8221;off&#8221; button_two_bg_color__hover_enabled=&#8221;off&#8221;]<\/p>\n<p>TEM UMA QUEST\u00c3O? CONTACTE-NOS\u00a0<\/p>\n<p>\u00a0<span style=\"font-family: Alice; font-weight: normal;\">geral@aaalda.com<\/span><\/p>\n<p>[\/et_pb_cta][\/et_pb_column][et_pb_column type=&#8221;1_2&#8243; _builder_version=&#8221;3.25&#8243; custom_padding=&#8221;|||&#8221; custom_padding__hover=&#8221;|||&#8221;][et_pb_text _builder_version=&#8221;4.7.7&#8243; text_font=&#8221;Poppins|600||on|||||&#8221; text_font_size=&#8221;16px&#8221; text_letter_spacing=&#8221;2px&#8221; text_line_height=&#8221;2em&#8221; ul_font=&#8221;||||||||&#8221; background_color=&#8221;#8f8f8f&#8221; background_layout=&#8221;dark&#8221; height=&#8221;514px&#8221; custom_margin=&#8221;-50px|||&#8221; custom_padding=&#8221;60px|60px|80px|60px&#8221; animation_style=&#8221;slide&#8221; animation_direction=&#8221;top&#8221; animation_duration=&#8221;1500ms&#8221; animation_intensity_slide=&#8221;10%&#8221; animation_starting_opacity=&#8221;100%&#8221; box_shadow_style=&#8221;preset3&#8243; box_shadow_vertical=&#8221;15px&#8221; box_shadow_blur=&#8221;80px&#8221; box_shadow_color=&#8221;rgba(0,0,0,0.15)&#8221;]<\/p>\n<p>AVALIA\u00c7\u00c3O DA QUALIDADE DO AR INTERIOR<\/p>\n<p>AVALIA\u00c7\u00c3O DOS SISTEMAS AVAC<\/p>\n<p>ESTUDO DA PRESEN\u00c7A DE RAD\u00c3O<\/p>\n<p>ESTUDO DA PRESEN\u00c7A DE AMIANTO<\/p>\n<p>EXPOSI\u00c7\u00c3O PROFISSIONAL A AGENTES QU\u00cdMICOS<\/p>\n<p>CONSULTORIA EM EFICI\u00caNCIA ENERG\u00c9TICA<\/p>\n<p>CONSULTORIA EM PRODUTOS QU\u00cdMICOS<\/p>\n<p>FORMA\u00c7\u00c3O<\/p>\n<p>&nbsp;<\/p>\n<p>&nbsp;<\/p>\n<p>&nbsp;<\/p>\n<p>[\/et_pb_text][\/et_pb_column][\/et_pb_row][\/et_pb_section][et_pb_section fb_built=&#8221;1&#8243; admin_label=&#8221;Contact&#8221; _builder_version=&#8221;3.22&#8243; background_image=&#8221;http:\/\/aaalda.com\/wp-content\/uploads\/2020\/12\/consutant-03.jpg&#8221; custom_margin=&#8221;|||&#8221; custom_padding=&#8221;0px|0px|0px|0px&#8221; box_shadow_style=&#8221;preset7&#8243; box_shadow_horizontal=&#8221;0px&#8221; box_shadow_vertical=&#8221;80px&#8221; box_shadow_color=&#8221;#ffffff&#8221;][\/et_pb_section]<\/p>\n","protected":false},"excerpt":{"rendered":"<p>Avalia\u00e7\u00e3o dos Sistemas AVACA Avalia\u00e7\u00e3o dos Sistemas AVAC (Aquecimento, Ventila\u00e7\u00e3o e Ar Condicionado) tem como finalidade o diagn\u00f3stico de situa\u00e7\u00f5es potenciadoras de uma redu\u00e7\u00e3o da qualidade do ar interior, quer devido \u00e0s caracter\u00edsticas do projeto, quer por defici\u00eancias de manuten\u00e7\u00e3o e opera\u00e7\u00e3o, quer ainda por altera\u00e7\u00e3o do uso dos espa\u00e7os interiores. Esta avalia\u00e7\u00e3o contribui para\u00a0devolver\u00a0ao [&hellip;]<\/p>\n","protected":false},"author":2,"featured_media":0,"parent":0,"menu_order":0,"comment_status":"closed","ping_status":"closed","template":"","meta":{"_et_pb_use_builder":"on","_et_pb_old_content":"","_et_gb_content_width":"","footnotes":""},"class_list":["post-170","page","type-page","status-publish","hentry"],"_links":{"self":[{"href":"https:\/\/aaalda.com\/index.php?rest_route=\/wp\/v2\/pages\/170","targetHints":{"allow":["GET"]}}],"collection":[{"href":"https:\/\/aaalda.com\/index.php?rest_route=\/wp\/v2\/pages"}],"about":[{"href":"https:\/\/aaalda.com\/index.php?rest_route=\/wp\/v2\/types\/page"}],"author":[{"embeddable":true,"href":"https:\/\/aaalda.com\/index.php?rest_route=\/wp\/v2\/users\/2"}],"replies":[{"embeddable":true,"href":"https:\/\/aaalda.com\/index.php?rest_route=%2Fwp%2Fv2%2Fcomments&post=170"}],"version-history":[{"count":8,"href":"https:\/\/aaalda.com\/index.php?rest_route=\/wp\/v2\/pages\/170\/revisions"}],"predecessor-version":[{"id":280,"href":"https:\/\/aaalda.com\/index.php?rest_route=\/wp\/v2\/pages\/170\/revisions\/280"}],"wp:attachment":[{"href":"https:\/\/aaalda.com\/index.php?rest_route=%2Fwp%2Fv2%2Fmedia&parent=170"}],"curies":[{"name":"wp","href":"https:\/\/api.w.org\/{rel}","templated":true}]}}